{"id":33,"date":"2024-05-14T16:47:33","date_gmt":"2024-05-14T16:47:33","guid":{"rendered":"https:\/\/dikilitekneturlari.com\/?page_id=33"},"modified":"2024-05-14T16:47:52","modified_gmt":"2024-05-14T16:47:52","slug":"gezi-fotograflarimiz","status":"publish","type":"page","link":"https:\/\/dikilitekneturlari.com\/?page_id=33","title":{"rendered":"GEZ\u0130 FOTO\u011eRAFLARIMIZ"},"content":{"rendered":"\n<figure class=\"wp-block-gallery has-nested-images columns-default is-cropped wp-block-gallery-1 is-layout-flex wp-block-gallery-is-layout-flex\">\n<figure class=\"wp-block-image size-large\"><img loading=\"lazy\" decoding=\"async\" width=\"874\" height=\"1024\" data-id=\"34\" src=\"https:\/\/dikilitekneturlari.com\/wp-content\/uploads\/2024\/05\/portfolio-1-874x1024.jpg\" alt=\"\" class=\"wp-image-34\" srcset=\"https:\/\/dikilitekneturlari.com\/wp-content\/uploads\/2024\/05\/portfolio-1-874x1024.jpg 874w, https:\/\/dikilitekneturlari.com\/wp-content\/uploads\/2024\/05\/portfolio-1-256x300.jpg 256w, https:\/\/dikilitekneturlari.com\/wp-content\/uploads\/2024\/05\/portfolio-1-768x900.jpg 768w, https:\/\/dikilitekneturlari.com\/wp-content\/uploads\/2024\/05\/portfolio-1.jpg 1280w\" sizes=\"auto, (max-width: 874px) 100vw, 874px\" \/><\/figure>\n\n\n\n<figure class=\"wp-block-image size-large\"><img loading=\"lazy\" decoding=\"async\" width=\"874\" height=\"1024\" data-id=\"37\" src=\"https:\/\/dikilitekneturlari.com\/wp-content\/uploads\/2024\/05\/portfolio-2-874x1024.jpg\" alt=\"\" class=\"wp-image-37\" srcset=\"https:\/\/dikilitekneturlari.com\/wp-content\/uploads\/2024\/05\/portfolio-2-874x1024.jpg 874w, https:\/\/dikilitekneturlari.com\/wp-content\/uploads\/2024\/05\/portfolio-2-256x300.jpg 256w, https:\/\/dikilitekneturlari.com\/wp-content\/uploads\/2024\/05\/portfolio-2-768x900.jpg 768w, https:\/\/dikilitekneturlari.com\/wp-content\/uploads\/2024\/05\/portfolio-2.jpg 1280w\" sizes=\"auto, (max-width: 874px) 100vw, 874px\" \/><\/figure>\n\n\n\n<figure class=\"wp-block-image size-large\"><img loading=\"lazy\" decoding=\"async\" width=\"874\" height=\"1024\" data-id=\"38\" src=\"https:\/\/dikilitekneturlari.com\/wp-content\/uploads\/2024\/05\/portfolio-3-874x1024.jpg\" alt=\"\" class=\"wp-image-38\" srcset=\"https:\/\/dikilitekneturlari.com\/wp-content\/uploads\/2024\/05\/portfolio-3-874x1024.jpg 874w, https:\/\/dikilitekneturlari.com\/wp-content\/uploads\/2024\/05\/portfolio-3-256x300.jpg 256w, https:\/\/dikilitekneturlari.com\/wp-content\/uploads\/2024\/05\/portfolio-3-768x900.jpg 768w, https:\/\/dikilitekneturlari.com\/wp-content\/uploads\/2024\/05\/portfolio-3.jpg 1280w\" sizes=\"auto, (max-width: 874px) 100vw, 874px\" \/><\/figure>\n\n\n\n<figure class=\"wp-block-image size-large\"><img loading=\"lazy\" decoding=\"async\" width=\"874\" height=\"1024\" data-id=\"39\" src=\"https:\/\/dikilitekneturlari.com\/wp-content\/uploads\/2024\/05\/portfolio-4-874x1024.jpg\" alt=\"\" class=\"wp-image-39\" srcset=\"https:\/\/dikilitekneturlari.com\/wp-content\/uploads\/2024\/05\/portfolio-4-874x1024.jpg 874w, https:\/\/dikilitekneturlari.com\/wp-content\/uploads\/2024\/05\/portfolio-4-256x300.jpg 256w, https:\/\/dikilitekneturlari.com\/wp-content\/uploads\/2024\/05\/portfolio-4-768x900.jpg 768w, https:\/\/dikilitekneturlari.com\/wp-content\/uploads\/2024\/05\/portfolio-4.jpg 1280w\" sizes=\"auto, (max-width: 874px) 100vw, 874px\" \/><\/figure>\n\n\n\n<figure class=\"wp-block-image size-large\"><img loading=\"lazy\" decoding=\"async\" width=\"874\" height=\"1024\" data-id=\"36\" src=\"https:\/\/dikilitekneturlari.com\/wp-content\/uploads\/2024\/05\/portfolio-5-874x1024.jpg\" alt=\"\" class=\"wp-image-36\" srcset=\"https:\/\/dikilitekneturlari.com\/wp-content\/uploads\/2024\/05\/portfolio-5-874x1024.jpg 874w, https:\/\/dikilitekneturlari.com\/wp-content\/uploads\/2024\/05\/portfolio-5-256x300.jpg 256w, https:\/\/dikilitekneturlari.com\/wp-content\/uploads\/2024\/05\/portfolio-5-768x900.jpg 768w, https:\/\/dikilitekneturlari.com\/wp-content\/uploads\/2024\/05\/portfolio-5.jpg 1280w\" sizes=\"auto, (max-width: 874px) 100vw, 874px\" \/><\/figure>\n\n\n\n<figure class=\"wp-block-image size-large\"><img loading=\"lazy\" decoding=\"async\" width=\"874\" height=\"1024\" data-id=\"40\" src=\"https:\/\/dikilitekneturlari.com\/wp-content\/uploads\/2024\/05\/portfolio-6-874x1024.jpg\" alt=\"\" class=\"wp-image-40\" srcset=\"https:\/\/dikilitekneturlari.com\/wp-content\/uploads\/2024\/05\/portfolio-6-874x1024.jpg 874w, https:\/\/dikilitekneturlari.com\/wp-content\/uploads\/2024\/05\/portfolio-6-256x300.jpg 256w, https:\/\/dikilitekneturlari.com\/wp-content\/uploads\/2024\/05\/portfolio-6-768x900.jpg 768w, https:\/\/dikilitekneturlari.com\/wp-content\/uploads\/2024\/05\/portfolio-6.jpg 1280w\" sizes=\"auto, (max-width: 874px) 100vw, 874px\" \/><\/figure>\n<\/figure>\n","protected":false},"excerpt":{"rendered":"","protected":false},"author":1,"featured_media":0,"parent":0,"menu_order":0,"comment_status":"closed","ping_status":"closed","template":"","meta":{"_monsterinsights_skip_tracking":false,"_monsterinsights_sitenote_active":false,"_monsterinsights_sitenote_note":"","_monsterinsights_sitenote_category":0,"footnotes":""},"class_list":["post-33","page","type-page","status-publish","hentry"],"yoast_head":"<!-- This site is optimized with the Yoast SEO plugin v22.7 - https:\/\/yoast.com\/wordpress\/plugins\/seo\/ -->\n<title>GEZ\u0130 FOTO\u011eRAFLARIMIZ - JR CANS\u0130NBAD<\/title>\n<meta name=\"robots\" content=\"index, follow, max-snippet:-1, max-image-preview:large, max-video-preview:-1\" \/>\n<link rel=\"canonical\" href=\"https:\/\/dikilitekneturlari.com\/?page_id=33\" \/>\n<meta property=\"og:locale\" content=\"tr_TR\" \/>\n<meta property=\"og:type\" content=\"article\" \/>\n<meta property=\"og:title\" content=\"GEZ\u0130 FOTO\u011eRAFLARIMIZ - JR CANS\u0130NBAD\" \/>\n<meta property=\"og:url\" content=\"https:\/\/dikilitekneturlari.com\/?page_id=33\" \/>\n<meta property=\"og:site_name\" content=\"JR CANS\u0130NBAD\" \/>\n<meta property=\"article:modified_time\" content=\"2024-05-14T16:47:52+00:00\" \/>\n<meta property=\"og:image\" content=\"https:\/\/dikilitekneturlari.com\/wp-content\/uploads\/2024\/05\/portfolio-1-874x1024.jpg\" \/>\n<meta name=\"twitter:card\" content=\"summary_large_image\" \/>\n<script type=\"application\/ld+json\" class=\"yoast-schema-graph\">{\"@context\":\"https:\/\/schema.org\",\"@graph\":[{\"@type\":\"WebPage\",\"@id\":\"https:\/\/dikilitekneturlari.com\/?page_id=33\",\"url\":\"https:\/\/dikilitekneturlari.com\/?page_id=33\",\"name\":\"GEZ\u0130 FOTO\u011eRAFLARIMIZ - JR CANS\u0130NBAD\",\"isPartOf\":{\"@id\":\"https:\/\/dikilitekneturlari.com\/#website\"},\"primaryImageOfPage\":{\"@id\":\"https:\/\/dikilitekneturlari.com\/?page_id=33#primaryimage\"},\"image\":{\"@id\":\"https:\/\/dikilitekneturlari.com\/?page_id=33#primaryimage\"},\"thumbnailUrl\":\"https:\/\/dikilitekneturlari.com\/wp-content\/uploads\/2024\/05\/portfolio-1-874x1024.jpg\",\"datePublished\":\"2024-05-14T16:47:33+00:00\",\"dateModified\":\"2024-05-14T16:47:52+00:00\",\"breadcrumb\":{\"@id\":\"https:\/\/dikilitekneturlari.com\/?page_id=33#breadcrumb\"},\"inLanguage\":\"tr\",\"potentialAction\":[{\"@type\":\"ReadAction\",\"target\":[\"https:\/\/dikilitekneturlari.com\/?page_id=33\"]}]},{\"@type\":\"ImageObject\",\"inLanguage\":\"tr\",\"@id\":\"https:\/\/dikilitekneturlari.com\/?page_id=33#primaryimage\",\"url\":\"https:\/\/dikilitekneturlari.com\/wp-content\/uploads\/2024\/05\/portfolio-1.jpg\",\"contentUrl\":\"https:\/\/dikilitekneturlari.com\/wp-content\/uploads\/2024\/05\/portfolio-1.jpg\",\"width\":1280,\"height\":1500},{\"@type\":\"BreadcrumbList\",\"@id\":\"https:\/\/dikilitekneturlari.com\/?page_id=33#breadcrumb\",\"itemListElement\":[{\"@type\":\"ListItem\",\"position\":1,\"name\":\"Anasayfa\",\"item\":\"https:\/\/dikilitekneturlari.com\/\"},{\"@type\":\"ListItem\",\"position\":2,\"name\":\"GEZ\u0130 FOTO\u011eRAFLARIMIZ\"}]},{\"@type\":\"WebSite\",\"@id\":\"https:\/\/dikilitekneturlari.com\/#website\",\"url\":\"https:\/\/dikilitekneturlari.com\/\",\"name\":\"JR CANS\u0130NBAD D\u0130K\u0130L\u0130 TEKNE TURLARI\",\"description\":\"Dikili Tekne Turlar\u0131\",\"publisher\":{\"@id\":\"https:\/\/dikilitekneturlari.com\/#organization\"},\"potentialAction\":[{\"@type\":\"SearchAction\",\"target\":{\"@type\":\"EntryPoint\",\"urlTemplate\":\"https:\/\/dikilitekneturlari.com\/?s={search_term_string}\"},\"query-input\":\"required name=search_term_string\"}],\"inLanguage\":\"tr\"},{\"@type\":\"Organization\",\"@id\":\"https:\/\/dikilitekneturlari.com\/#organization\",\"name\":\"JR CANS\u0130NBAD D\u0130K\u0130L\u0130 TEKNE TURLARI\",\"url\":\"https:\/\/dikilitekneturlari.com\/\",\"logo\":{\"@type\":\"ImageObject\",\"inLanguage\":\"tr\",\"@id\":\"https:\/\/dikilitekneturlari.com\/#\/schema\/logo\/image\/\",\"url\":\"https:\/\/dikilitekneturlari.com\/wp-content\/uploads\/2024\/05\/capa.png\",\"contentUrl\":\"https:\/\/dikilitekneturlari.com\/wp-content\/uploads\/2024\/05\/capa.png\",\"width\":920,\"height\":720,\"caption\":\"JR CANS\u0130NBAD D\u0130K\u0130L\u0130 TEKNE TURLARI\"},\"image\":{\"@id\":\"https:\/\/dikilitekneturlari.com\/#\/schema\/logo\/image\/\"}}]}<\/script>\n<!-- \/ Yoast SEO plugin. -->","yoast_head_json":{"title":"GEZ\u0130 FOTO\u011eRAFLARIMIZ - JR CANS\u0130NBAD","robots":{"index":"index","follow":"follow","max-snippet":"max-snippet:-1","max-image-preview":"max-image-preview:large","max-video-preview":"max-video-preview:-1"},"canonical":"https:\/\/dikilitekneturlari.com\/?page_id=33","og_locale":"tr_TR","og_type":"article","og_title":"GEZ\u0130 FOTO\u011eRAFLARIMIZ - JR CANS\u0130NBAD","og_url":"https:\/\/dikilitekneturlari.com\/?page_id=33","og_site_name":"JR CANS\u0130NBAD","article_modified_time":"2024-05-14T16:47:52+00:00","og_image":[{"url":"https:\/\/dikilitekneturlari.com\/wp-content\/uploads\/2024\/05\/portfolio-1-874x1024.jpg"}],"twitter_card":"summary_large_image","schema":{"@context":"https:\/\/schema.org","@graph":[{"@type":"WebPage","@id":"https:\/\/dikilitekneturlari.com\/?page_id=33","url":"https:\/\/dikilitekneturlari.com\/?page_id=33","name":"GEZ\u0130 FOTO\u011eRAFLARIMIZ - JR CANS\u0130NBAD","isPartOf":{"@id":"https:\/\/dikilitekneturlari.com\/#website"},"primaryImageOfPage":{"@id":"https:\/\/dikilitekneturlari.com\/?page_id=33#primaryimage"},"image":{"@id":"https:\/\/dikilitekneturlari.com\/?page_id=33#primaryimage"},"thumbnailUrl":"https:\/\/dikilitekneturlari.com\/wp-content\/uploads\/2024\/05\/portfolio-1-874x1024.jpg","datePublished":"2024-05-14T16:47:33+00:00","dateModified":"2024-05-14T16:47:52+00:00","breadcrumb":{"@id":"https:\/\/dikilitekneturlari.com\/?page_id=33#breadcrumb"},"inLanguage":"tr","potentialAction":[{"@type":"ReadAction","target":["https:\/\/dikilitekneturlari.com\/?page_id=33"]}]},{"@type":"ImageObject","inLanguage":"tr","@id":"https:\/\/dikilitekneturlari.com\/?page_id=33#primaryimage","url":"https:\/\/dikilitekneturlari.com\/wp-content\/uploads\/2024\/05\/portfolio-1.jpg","contentUrl":"https:\/\/dikilitekneturlari.com\/wp-content\/uploads\/2024\/05\/portfolio-1.jpg","width":1280,"height":1500},{"@type":"BreadcrumbList","@id":"https:\/\/dikilitekneturlari.com\/?page_id=33#breadcrumb","itemListElement":[{"@type":"ListItem","position":1,"name":"Anasayfa","item":"https:\/\/dikilitekneturlari.com\/"},{"@type":"ListItem","position":2,"name":"GEZ\u0130 FOTO\u011eRAFLARIMIZ"}]},{"@type":"WebSite","@id":"https:\/\/dikilitekneturlari.com\/#website","url":"https:\/\/dikilitekneturlari.com\/","name":"JR CANS\u0130NBAD D\u0130K\u0130L\u0130 TEKNE TURLARI","description":"Dikili Tekne Turlar\u0131","publisher":{"@id":"https:\/\/dikilitekneturlari.com\/#organization"},"potentialAction":[{"@type":"SearchAction","target":{"@type":"EntryPoint","urlTemplate":"https:\/\/dikilitekneturlari.com\/?s={search_term_string}"},"query-input":"required name=search_term_string"}],"inLanguage":"tr"},{"@type":"Organization","@id":"https:\/\/dikilitekneturlari.com\/#organization","name":"JR CANS\u0130NBAD D\u0130K\u0130L\u0130 TEKNE TURLARI","url":"https:\/\/dikilitekneturlari.com\/","logo":{"@type":"ImageObject","inLanguage":"tr","@id":"https:\/\/dikilitekneturlari.com\/#\/schema\/logo\/image\/","url":"https:\/\/dikilitekneturlari.com\/wp-content\/uploads\/2024\/05\/capa.png","contentUrl":"https:\/\/dikilitekneturlari.com\/wp-content\/uploads\/2024\/05\/capa.png","width":920,"height":720,"caption":"JR CANS\u0130NBAD D\u0130K\u0130L\u0130 TEKNE TURLARI"},"image":{"@id":"https:\/\/dikilitekneturlari.com\/#\/schema\/logo\/image\/"}}]}},"_links":{"self":[{"href":"https:\/\/dikilitekneturlari.com\/index.php?rest_route=\/wp\/v2\/pages\/33","targetHints":{"allow":["GET"]}}],"collection":[{"href":"https:\/\/dikilitekneturlari.com\/index.php?rest_route=\/wp\/v2\/pages"}],"about":[{"href":"https:\/\/dikilitekneturlari.com\/index.php?rest_route=\/wp\/v2\/types\/page"}],"author":[{"embeddable":true,"href":"https:\/\/dikilitekneturlari.com\/index.php?rest_route=\/wp\/v2\/users\/1"}],"replies":[{"embeddable":true,"href":"https:\/\/dikilitekneturlari.com\/index.php?rest_route=%2Fwp%2Fv2%2Fcomments&post=33"}],"version-history":[{"count":2,"href":"https:\/\/dikilitekneturlari.com\/index.php?rest_route=\/wp\/v2\/pages\/33\/revisions"}],"predecessor-version":[{"id":42,"href":"https:\/\/dikilitekneturlari.com\/index.php?rest_route=\/wp\/v2\/pages\/33\/revisions\/42"}],"wp:attachment":[{"href":"https:\/\/dikilitekneturlari.com\/index.php?rest_route=%2Fwp%2Fv2%2Fmedia&parent=33"}],"curies":[{"name":"wp","href":"https:\/\/api.w.org\/{rel}","templated":true}]}}