{"id":31,"date":"2024-05-14T16:44:47","date_gmt":"2024-05-14T16:44:47","guid":{"rendered":"https:\/\/dikilitekneturlari.com\/?page_id=31"},"modified":"2024-05-15T19:22:26","modified_gmt":"2024-05-15T19:22:26","slug":"hizmetlerimiz","status":"publish","type":"page","link":"https:\/\/dikilitekneturlari.com\/?page_id=31","title":{"rendered":"H\u0130ZMETLER\u0130M\u0130Z"},"content":{"rendered":"\n<p class=\"has-text-align-center\">G\u00fcnl\u00fck Gezi Tekne Turumuzda ( Kalem adas\u0131 ve Garip adas\u0131) Adas\u0131n\u0131n muhte\u015fem koylar\u0131n\u0131 gezece\u011finiz, e\u011flencenin ve huzurun keyfini birlikte \u00e7\u0131karaca\u011f\u0131n\u0131z, \u00d6\u011flen men\u00fcs\u00fc \u00c7ipura\/Levrek bal\u0131k ve Kasap k\u00f6ftesi \u00d6zel salatas\u0131 Makarna unutulmaz bir tekne gezisi haz\u0131r m\u0131s\u0131n\u0131z ve canl\u0131 m\u00fczik aktivitelerimiz ile bu tur unutulmaz olacak..&#8221;<\/p>\n\n\n\n<h4 class=\"wp-block-heading has-text-align-center\">HAREKET SAATLER\u0130M\u0130Z<\/h4>\n\n\n\n<p class=\"has-text-align-center\">D\u0130K\u0130L\u0130 BALIK\u00c7I L\u0130MANI KALKI\u015e 11:00 &#8211; D\u00d6N\u00dc\u015e 18:00<\/p>\n\n\n\n<h4 class=\"wp-block-heading has-text-align-center\">Y\u00dcZME MOLASI BADEML\u0130 Z\u0130NDANCIK KOYU<\/h4>\n\n\n\n<p class=\"has-text-align-center\">Y\u00dcZME MOLASI BADEML\u0130 Z\u0130NDANCIK KOYU<\/p>\n\n\n\n<h4 class=\"wp-block-heading has-text-align-center\">Y\u00dcZME MOLASI HANIMIN KOYU<\/h4>\n\n\n\n<p class=\"has-text-align-center\">Y\u00dcZME MOLASI HANIMIN KOYU<\/p>\n\n\n\n<h4 class=\"wp-block-heading has-text-align-center\">Y\u00dcZME PEEL\u0130NG K\u0130L VE YEMEK MOLASI<\/h4>\n\n\n\n<p class=\"has-text-align-center\">\u00d6\u011eLE YEME\u011e\u0130 \u00c7\u0130PURA IZGARA VEYA KASAP K\u00d6FTE,SALATA ,SPAGETT\u0130, EKMEK<\/p>\n\n\n\n<h4 class=\"wp-block-heading has-text-align-center\">Y\u00dcZME MOLASI AKVARYUM<\/h4>\n\n\n\n<p class=\"has-text-align-center\">Y\u00dcZME MOLASI AKVARYUM<\/p>\n\n\n\n<h4 class=\"wp-block-heading has-text-align-center\">Y\u00dcZME VE ILICA MOLASI<\/h4>\n\n\n\n<p class=\"has-text-align-center\">Y\u00dcZME VE ILICA MOLASI<\/p>\n","protected":false},"excerpt":{"rendered":"<p>G\u00fcnl\u00fck Gezi Tekne Turumuzda ( Kalem adas\u0131 ve Garip adas\u0131) Adas\u0131n\u0131n muhte\u015fem koylar\u0131n\u0131 gezece\u011finiz, e\u011flencenin ve huzurun keyfini birlikte \u00e7\u0131karaca\u011f\u0131n\u0131z, \u00d6\u011flen men\u00fcs\u00fc \u00c7ipura\/Levrek bal\u0131k ve Kasap k\u00f6ftesi \u00d6zel salatas\u0131 Makarna unutulmaz bir tekne gezisi haz\u0131r m\u0131s\u0131n\u0131z ve canl\u0131 m\u00fczik aktivitelerimiz ile bu tur unutulmaz olacak..&#8221; HAREKET SAATLER\u0130M\u0130Z D\u0130K\u0130L\u0130 BALIK\u00c7I L\u0130MANI KALKI\u015e 11:00 &#8211; D\u00d6N\u00dc\u015e 18:00 [&hellip;]<\/p>\n","protected":false},"author":1,"featured_media":0,"parent":0,"menu_order":0,"comment_status":"closed","ping_status":"closed","template":"","meta":{"_monsterinsights_skip_tracking":false,"_monsterinsights_sitenote_active":false,"_monsterinsights_sitenote_note":"","_monsterinsights_sitenote_category":0,"footnotes":""},"class_list":["post-31","page","type-page","status-publish","hentry"],"yoast_head":"<!-- This site is optimized with the Yoast SEO plugin v22.7 - https:\/\/yoast.com\/wordpress\/plugins\/seo\/ -->\n<title>H\u0130ZMETLER\u0130M\u0130Z - JR CANS\u0130NBAD<\/title>\n<meta name=\"robots\" content=\"index, follow, max-snippet:-1, max-image-preview:large, max-video-preview:-1\" \/>\n<link rel=\"canonical\" href=\"https:\/\/dikilitekneturlari.com\/?page_id=31\" \/>\n<meta property=\"og:locale\" content=\"tr_TR\" \/>\n<meta property=\"og:type\" content=\"article\" \/>\n<meta property=\"og:title\" content=\"H\u0130ZMETLER\u0130M\u0130Z - JR CANS\u0130NBAD\" \/>\n<meta property=\"og:description\" content=\"G\u00fcnl\u00fck Gezi Tekne Turumuzda ( Kalem adas\u0131 ve Garip adas\u0131) Adas\u0131n\u0131n muhte\u015fem koylar\u0131n\u0131 gezece\u011finiz, e\u011flencenin ve huzurun keyfini birlikte \u00e7\u0131karaca\u011f\u0131n\u0131z, \u00d6\u011flen men\u00fcs\u00fc \u00c7ipura\/Levrek bal\u0131k ve Kasap k\u00f6ftesi \u00d6zel salatas\u0131 Makarna unutulmaz bir tekne gezisi haz\u0131r m\u0131s\u0131n\u0131z ve canl\u0131 m\u00fczik aktivitelerimiz ile bu tur unutulmaz olacak..&#8221; HAREKET SAATLER\u0130M\u0130Z D\u0130K\u0130L\u0130 BALIK\u00c7I L\u0130MANI KALKI\u015e 11:00 &#8211; D\u00d6N\u00dc\u015e 18:00 [&hellip;]\" \/>\n<meta property=\"og:url\" content=\"https:\/\/dikilitekneturlari.com\/?page_id=31\" \/>\n<meta property=\"og:site_name\" content=\"JR CANS\u0130NBAD\" \/>\n<meta property=\"article:modified_time\" content=\"2024-05-15T19:22:26+00:00\" \/>\n<meta name=\"twitter:card\" content=\"summary_large_image\" \/>\n<meta name=\"twitter:label1\" content=\"Tahmini okuma s\u00fcresi\" \/>\n\t<meta name=\"twitter:data1\" content=\"1 dakika\" \/>\n<script type=\"application\/ld+json\" class=\"yoast-schema-graph\">{\"@context\":\"https:\/\/schema.org\",\"@graph\":[{\"@type\":\"WebPage\",\"@id\":\"https:\/\/dikilitekneturlari.com\/?page_id=31\",\"url\":\"https:\/\/dikilitekneturlari.com\/?page_id=31\",\"name\":\"H\u0130ZMETLER\u0130M\u0130Z - JR CANS\u0130NBAD\",\"isPartOf\":{\"@id\":\"https:\/\/dikilitekneturlari.com\/#website\"},\"datePublished\":\"2024-05-14T16:44:47+00:00\",\"dateModified\":\"2024-05-15T19:22:26+00:00\",\"breadcrumb\":{\"@id\":\"https:\/\/dikilitekneturlari.com\/?page_id=31#breadcrumb\"},\"inLanguage\":\"tr\",\"potentialAction\":[{\"@type\":\"ReadAction\",\"target\":[\"https:\/\/dikilitekneturlari.com\/?page_id=31\"]}]},{\"@type\":\"BreadcrumbList\",\"@id\":\"https:\/\/dikilitekneturlari.com\/?page_id=31#breadcrumb\",\"itemListElement\":[{\"@type\":\"ListItem\",\"position\":1,\"name\":\"Anasayfa\",\"item\":\"https:\/\/dikilitekneturlari.com\/\"},{\"@type\":\"ListItem\",\"position\":2,\"name\":\"H\u0130ZMETLER\u0130M\u0130Z\"}]},{\"@type\":\"WebSite\",\"@id\":\"https:\/\/dikilitekneturlari.com\/#website\",\"url\":\"https:\/\/dikilitekneturlari.com\/\",\"name\":\"JR CANS\u0130NBAD D\u0130K\u0130L\u0130 TEKNE TURLARI\",\"description\":\"Dikili Tekne Turlar\u0131\",\"publisher\":{\"@id\":\"https:\/\/dikilitekneturlari.com\/#organization\"},\"potentialAction\":[{\"@type\":\"SearchAction\",\"target\":{\"@type\":\"EntryPoint\",\"urlTemplate\":\"https:\/\/dikilitekneturlari.com\/?s={search_term_string}\"},\"query-input\":\"required name=search_term_string\"}],\"inLanguage\":\"tr\"},{\"@type\":\"Organization\",\"@id\":\"https:\/\/dikilitekneturlari.com\/#organization\",\"name\":\"JR CANS\u0130NBAD D\u0130K\u0130L\u0130 TEKNE TURLARI\",\"url\":\"https:\/\/dikilitekneturlari.com\/\",\"logo\":{\"@type\":\"ImageObject\",\"inLanguage\":\"tr\",\"@id\":\"https:\/\/dikilitekneturlari.com\/#\/schema\/logo\/image\/\",\"url\":\"https:\/\/dikilitekneturlari.com\/wp-content\/uploads\/2024\/05\/capa.png\",\"contentUrl\":\"https:\/\/dikilitekneturlari.com\/wp-content\/uploads\/2024\/05\/capa.png\",\"width\":920,\"height\":720,\"caption\":\"JR CANS\u0130NBAD D\u0130K\u0130L\u0130 TEKNE TURLARI\"},\"image\":{\"@id\":\"https:\/\/dikilitekneturlari.com\/#\/schema\/logo\/image\/\"}}]}<\/script>\n<!-- \/ Yoast SEO plugin. -->","yoast_head_json":{"title":"H\u0130ZMETLER\u0130M\u0130Z - JR CANS\u0130NBAD","robots":{"index":"index","follow":"follow","max-snippet":"max-snippet:-1","max-image-preview":"max-image-preview:large","max-video-preview":"max-video-preview:-1"},"canonical":"https:\/\/dikilitekneturlari.com\/?page_id=31","og_locale":"tr_TR","og_type":"article","og_title":"H\u0130ZMETLER\u0130M\u0130Z - JR CANS\u0130NBAD","og_description":"G\u00fcnl\u00fck Gezi Tekne Turumuzda ( Kalem adas\u0131 ve Garip adas\u0131) Adas\u0131n\u0131n muhte\u015fem koylar\u0131n\u0131 gezece\u011finiz, e\u011flencenin ve huzurun keyfini birlikte \u00e7\u0131karaca\u011f\u0131n\u0131z, \u00d6\u011flen men\u00fcs\u00fc \u00c7ipura\/Levrek bal\u0131k ve Kasap k\u00f6ftesi \u00d6zel salatas\u0131 Makarna unutulmaz bir tekne gezisi haz\u0131r m\u0131s\u0131n\u0131z ve canl\u0131 m\u00fczik aktivitelerimiz ile bu tur unutulmaz olacak..&#8221; HAREKET SAATLER\u0130M\u0130Z D\u0130K\u0130L\u0130 BALIK\u00c7I L\u0130MANI KALKI\u015e 11:00 &#8211; D\u00d6N\u00dc\u015e 18:00 [&hellip;]","og_url":"https:\/\/dikilitekneturlari.com\/?page_id=31","og_site_name":"JR CANS\u0130NBAD","article_modified_time":"2024-05-15T19:22:26+00:00","twitter_card":"summary_large_image","twitter_misc":{"Tahmini okuma s\u00fcresi":"1 dakika"},"schema":{"@context":"https:\/\/schema.org","@graph":[{"@type":"WebPage","@id":"https:\/\/dikilitekneturlari.com\/?page_id=31","url":"https:\/\/dikilitekneturlari.com\/?page_id=31","name":"H\u0130ZMETLER\u0130M\u0130Z - JR CANS\u0130NBAD","isPartOf":{"@id":"https:\/\/dikilitekneturlari.com\/#website"},"datePublished":"2024-05-14T16:44:47+00:00","dateModified":"2024-05-15T19:22:26+00:00","breadcrumb":{"@id":"https:\/\/dikilitekneturlari.com\/?page_id=31#breadcrumb"},"inLanguage":"tr","potentialAction":[{"@type":"ReadAction","target":["https:\/\/dikilitekneturlari.com\/?page_id=31"]}]},{"@type":"BreadcrumbList","@id":"https:\/\/dikilitekneturlari.com\/?page_id=31#breadcrumb","itemListElement":[{"@type":"ListItem","position":1,"name":"Anasayfa","item":"https:\/\/dikilitekneturlari.com\/"},{"@type":"ListItem","position":2,"name":"H\u0130ZMETLER\u0130M\u0130Z"}]},{"@type":"WebSite","@id":"https:\/\/dikilitekneturlari.com\/#website","url":"https:\/\/dikilitekneturlari.com\/","name":"JR CANS\u0130NBAD D\u0130K\u0130L\u0130 TEKNE TURLARI","description":"Dikili Tekne Turlar\u0131","publisher":{"@id":"https:\/\/dikilitekneturlari.com\/#organization"},"potentialAction":[{"@type":"SearchAction","target":{"@type":"EntryPoint","urlTemplate":"https:\/\/dikilitekneturlari.com\/?s={search_term_string}"},"query-input":"required name=search_term_string"}],"inLanguage":"tr"},{"@type":"Organization","@id":"https:\/\/dikilitekneturlari.com\/#organization","name":"JR CANS\u0130NBAD D\u0130K\u0130L\u0130 TEKNE TURLARI","url":"https:\/\/dikilitekneturlari.com\/","logo":{"@type":"ImageObject","inLanguage":"tr","@id":"https:\/\/dikilitekneturlari.com\/#\/schema\/logo\/image\/","url":"https:\/\/dikilitekneturlari.com\/wp-content\/uploads\/2024\/05\/capa.png","contentUrl":"https:\/\/dikilitekneturlari.com\/wp-content\/uploads\/2024\/05\/capa.png","width":920,"height":720,"caption":"JR CANS\u0130NBAD D\u0130K\u0130L\u0130 TEKNE TURLARI"},"image":{"@id":"https:\/\/dikilitekneturlari.com\/#\/schema\/logo\/image\/"}}]}},"_links":{"self":[{"href":"https:\/\/dikilitekneturlari.com\/index.php?rest_route=\/wp\/v2\/pages\/31","targetHints":{"allow":["GET"]}}],"collection":[{"href":"https:\/\/dikilitekneturlari.com\/index.php?rest_route=\/wp\/v2\/pages"}],"about":[{"href":"https:\/\/dikilitekneturlari.com\/index.php?rest_route=\/wp\/v2\/types\/page"}],"author":[{"embeddable":true,"href":"https:\/\/dikilitekneturlari.com\/index.php?rest_route=\/wp\/v2\/users\/1"}],"replies":[{"embeddable":true,"href":"https:\/\/dikilitekneturlari.com\/index.php?rest_route=%2Fwp%2Fv2%2Fcomments&post=31"}],"version-history":[{"count":2,"href":"https:\/\/dikilitekneturlari.com\/index.php?rest_route=\/wp\/v2\/pages\/31\/revisions"}],"predecessor-version":[{"id":53,"href":"https:\/\/dikilitekneturlari.com\/index.php?rest_route=\/wp\/v2\/pages\/31\/revisions\/53"}],"wp:attachment":[{"href":"https:\/\/dikilitekneturlari.com\/index.php?rest_route=%2Fwp%2Fv2%2Fmedia&parent=31"}],"curies":[{"name":"wp","href":"https:\/\/api.w.org\/{rel}","templated":true}]}}