{"id":14,"date":"2024-05-07T19:05:03","date_gmt":"2024-05-07T19:05:03","guid":{"rendered":"https:\/\/dikilitekneturlari.com\/?page_id=14"},"modified":"2024-05-14T16:42:50","modified_gmt":"2024-05-14T16:42:50","slug":"hakkimizda","status":"publish","type":"page","link":"https:\/\/dikilitekneturlari.com\/?page_id=14","title":{"rendered":"HAKKIMIZDA"},"content":{"rendered":"\n<p class=\"has-text-align-center\">MUSTAFA BATMAZ TARAFINDAN 2016 YILINDA KURULMU\u015e OLAN CAN S\u0130NBAD D\u0130K\u0130L\u0130 TEKNE TURLARI D\u0130K\u0130L\u0130 TUR\u0130ZM\u0130NE B\u00dcY\u00dcK \u00d6L\u00c7\u00dcDE KATKI SA\u011eLAMI\u015e B\u0130R \u015e\u0130RKETT\u0130R.<\/p>\n\n\n\n<p class=\"has-text-align-center\">\u00a0D\u0130K\u0130L\u0130 &#8211; BADEML\u0130 KOYLARI TEKNE TURU&#8230;<\/p>\n\n\n\n<p class=\"has-text-align-center\">HAFTASONU BOL M\u00dcZ\u0130KL\u0130 MEHTAP TURU&#8230;<\/p>\n","protected":false},"excerpt":{"rendered":"<p>MUSTAFA BATMAZ TARAFINDAN 2016 YILINDA KURULMU\u015e OLAN CAN S\u0130NBAD D\u0130K\u0130L\u0130 TEKNE TURLARI D\u0130K\u0130L\u0130 TUR\u0130ZM\u0130NE B\u00dcY\u00dcK \u00d6L\u00c7\u00dcDE KATKI SA\u011eLAMI\u015e B\u0130R \u015e\u0130RKETT\u0130R. \u00a0D\u0130K\u0130L\u0130 &#8211; BADEML\u0130 KOYLARI TEKNE TURU&#8230; HAFTASONU BOL M\u00dcZ\u0130KL\u0130 MEHTAP TURU&#8230;<\/p>\n","protected":false},"author":1,"featured_media":0,"parent":0,"menu_order":0,"comment_status":"closed","ping_status":"closed","template":"","meta":{"_monsterinsights_skip_tracking":false,"_monsterinsights_sitenote_active":false,"_monsterinsights_sitenote_note":"","_monsterinsights_sitenote_category":0,"footnotes":""},"class_list":["post-14","page","type-page","status-publish","hentry"],"yoast_head":"<!-- This site is optimized with the Yoast SEO plugin v22.7 - https:\/\/yoast.com\/wordpress\/plugins\/seo\/ -->\n<title>HAKKIMIZDA - JR CANS\u0130NBAD<\/title>\n<meta name=\"robots\" content=\"index, follow, max-snippet:-1, max-image-preview:large, max-video-preview:-1\" \/>\n<link rel=\"canonical\" href=\"https:\/\/dikilitekneturlari.com\/?page_id=14\" \/>\n<meta property=\"og:locale\" content=\"tr_TR\" \/>\n<meta property=\"og:type\" content=\"article\" \/>\n<meta property=\"og:title\" content=\"HAKKIMIZDA - JR CANS\u0130NBAD\" \/>\n<meta property=\"og:description\" content=\"MUSTAFA BATMAZ TARAFINDAN 2016 YILINDA KURULMU\u015e OLAN CAN S\u0130NBAD D\u0130K\u0130L\u0130 TEKNE TURLARI D\u0130K\u0130L\u0130 TUR\u0130ZM\u0130NE B\u00dcY\u00dcK \u00d6L\u00c7\u00dcDE KATKI SA\u011eLAMI\u015e B\u0130R \u015e\u0130RKETT\u0130R. \u00a0D\u0130K\u0130L\u0130 &#8211; BADEML\u0130 KOYLARI TEKNE TURU&#8230; HAFTASONU BOL M\u00dcZ\u0130KL\u0130 MEHTAP TURU&#8230;\" \/>\n<meta property=\"og:url\" content=\"https:\/\/dikilitekneturlari.com\/?page_id=14\" \/>\n<meta property=\"og:site_name\" content=\"JR CANS\u0130NBAD\" \/>\n<meta property=\"article:modified_time\" content=\"2024-05-14T16:42:50+00:00\" \/>\n<meta name=\"twitter:card\" content=\"summary_large_image\" \/>\n<script type=\"application\/ld+json\" class=\"yoast-schema-graph\">{\"@context\":\"https:\/\/schema.org\",\"@graph\":[{\"@type\":\"WebPage\",\"@id\":\"https:\/\/dikilitekneturlari.com\/?page_id=14\",\"url\":\"https:\/\/dikilitekneturlari.com\/?page_id=14\",\"name\":\"HAKKIMIZDA - JR CANS\u0130NBAD\",\"isPartOf\":{\"@id\":\"https:\/\/dikilitekneturlari.com\/#website\"},\"datePublished\":\"2024-05-07T19:05:03+00:00\",\"dateModified\":\"2024-05-14T16:42:50+00:00\",\"breadcrumb\":{\"@id\":\"https:\/\/dikilitekneturlari.com\/?page_id=14#breadcrumb\"},\"inLanguage\":\"tr\",\"potentialAction\":[{\"@type\":\"ReadAction\",\"target\":[\"https:\/\/dikilitekneturlari.com\/?page_id=14\"]}]},{\"@type\":\"BreadcrumbList\",\"@id\":\"https:\/\/dikilitekneturlari.com\/?page_id=14#breadcrumb\",\"itemListElement\":[{\"@type\":\"ListItem\",\"position\":1,\"name\":\"Anasayfa\",\"item\":\"https:\/\/dikilitekneturlari.com\/\"},{\"@type\":\"ListItem\",\"position\":2,\"name\":\"HAKKIMIZDA\"}]},{\"@type\":\"WebSite\",\"@id\":\"https:\/\/dikilitekneturlari.com\/#website\",\"url\":\"https:\/\/dikilitekneturlari.com\/\",\"name\":\"JR CANS\u0130NBAD D\u0130K\u0130L\u0130 TEKNE TURLARI\",\"description\":\"Dikili Tekne Turlar\u0131\",\"publisher\":{\"@id\":\"https:\/\/dikilitekneturlari.com\/#organization\"},\"potentialAction\":[{\"@type\":\"SearchAction\",\"target\":{\"@type\":\"EntryPoint\",\"urlTemplate\":\"https:\/\/dikilitekneturlari.com\/?s={search_term_string}\"},\"query-input\":\"required name=search_term_string\"}],\"inLanguage\":\"tr\"},{\"@type\":\"Organization\",\"@id\":\"https:\/\/dikilitekneturlari.com\/#organization\",\"name\":\"JR CANS\u0130NBAD D\u0130K\u0130L\u0130 TEKNE TURLARI\",\"url\":\"https:\/\/dikilitekneturlari.com\/\",\"logo\":{\"@type\":\"ImageObject\",\"inLanguage\":\"tr\",\"@id\":\"https:\/\/dikilitekneturlari.com\/#\/schema\/logo\/image\/\",\"url\":\"https:\/\/dikilitekneturlari.com\/wp-content\/uploads\/2024\/05\/capa.png\",\"contentUrl\":\"https:\/\/dikilitekneturlari.com\/wp-content\/uploads\/2024\/05\/capa.png\",\"width\":920,\"height\":720,\"caption\":\"JR CANS\u0130NBAD D\u0130K\u0130L\u0130 TEKNE TURLARI\"},\"image\":{\"@id\":\"https:\/\/dikilitekneturlari.com\/#\/schema\/logo\/image\/\"}}]}<\/script>\n<!-- \/ Yoast SEO plugin. -->","yoast_head_json":{"title":"HAKKIMIZDA - JR CANS\u0130NBAD","robots":{"index":"index","follow":"follow","max-snippet":"max-snippet:-1","max-image-preview":"max-image-preview:large","max-video-preview":"max-video-preview:-1"},"canonical":"https:\/\/dikilitekneturlari.com\/?page_id=14","og_locale":"tr_TR","og_type":"article","og_title":"HAKKIMIZDA - JR CANS\u0130NBAD","og_description":"MUSTAFA BATMAZ TARAFINDAN 2016 YILINDA KURULMU\u015e OLAN CAN S\u0130NBAD D\u0130K\u0130L\u0130 TEKNE TURLARI D\u0130K\u0130L\u0130 TUR\u0130ZM\u0130NE B\u00dcY\u00dcK \u00d6L\u00c7\u00dcDE KATKI SA\u011eLAMI\u015e B\u0130R \u015e\u0130RKETT\u0130R. \u00a0D\u0130K\u0130L\u0130 &#8211; BADEML\u0130 KOYLARI TEKNE TURU&#8230; HAFTASONU BOL M\u00dcZ\u0130KL\u0130 MEHTAP TURU&#8230;","og_url":"https:\/\/dikilitekneturlari.com\/?page_id=14","og_site_name":"JR CANS\u0130NBAD","article_modified_time":"2024-05-14T16:42:50+00:00","twitter_card":"summary_large_image","schema":{"@context":"https:\/\/schema.org","@graph":[{"@type":"WebPage","@id":"https:\/\/dikilitekneturlari.com\/?page_id=14","url":"https:\/\/dikilitekneturlari.com\/?page_id=14","name":"HAKKIMIZDA - JR CANS\u0130NBAD","isPartOf":{"@id":"https:\/\/dikilitekneturlari.com\/#website"},"datePublished":"2024-05-07T19:05:03+00:00","dateModified":"2024-05-14T16:42:50+00:00","breadcrumb":{"@id":"https:\/\/dikilitekneturlari.com\/?page_id=14#breadcrumb"},"inLanguage":"tr","potentialAction":[{"@type":"ReadAction","target":["https:\/\/dikilitekneturlari.com\/?page_id=14"]}]},{"@type":"BreadcrumbList","@id":"https:\/\/dikilitekneturlari.com\/?page_id=14#breadcrumb","itemListElement":[{"@type":"ListItem","position":1,"name":"Anasayfa","item":"https:\/\/dikilitekneturlari.com\/"},{"@type":"ListItem","position":2,"name":"HAKKIMIZDA"}]},{"@type":"WebSite","@id":"https:\/\/dikilitekneturlari.com\/#website","url":"https:\/\/dikilitekneturlari.com\/","name":"JR CANS\u0130NBAD D\u0130K\u0130L\u0130 TEKNE TURLARI","description":"Dikili Tekne Turlar\u0131","publisher":{"@id":"https:\/\/dikilitekneturlari.com\/#organization"},"potentialAction":[{"@type":"SearchAction","target":{"@type":"EntryPoint","urlTemplate":"https:\/\/dikilitekneturlari.com\/?s={search_term_string}"},"query-input":"required name=search_term_string"}],"inLanguage":"tr"},{"@type":"Organization","@id":"https:\/\/dikilitekneturlari.com\/#organization","name":"JR CANS\u0130NBAD D\u0130K\u0130L\u0130 TEKNE TURLARI","url":"https:\/\/dikilitekneturlari.com\/","logo":{"@type":"ImageObject","inLanguage":"tr","@id":"https:\/\/dikilitekneturlari.com\/#\/schema\/logo\/image\/","url":"https:\/\/dikilitekneturlari.com\/wp-content\/uploads\/2024\/05\/capa.png","contentUrl":"https:\/\/dikilitekneturlari.com\/wp-content\/uploads\/2024\/05\/capa.png","width":920,"height":720,"caption":"JR CANS\u0130NBAD D\u0130K\u0130L\u0130 TEKNE TURLARI"},"image":{"@id":"https:\/\/dikilitekneturlari.com\/#\/schema\/logo\/image\/"}}]}},"_links":{"self":[{"href":"https:\/\/dikilitekneturlari.com\/index.php?rest_route=\/wp\/v2\/pages\/14","targetHints":{"allow":["GET"]}}],"collection":[{"href":"https:\/\/dikilitekneturlari.com\/index.php?rest_route=\/wp\/v2\/pages"}],"about":[{"href":"https:\/\/dikilitekneturlari.com\/index.php?rest_route=\/wp\/v2\/types\/page"}],"author":[{"embeddable":true,"href":"https:\/\/dikilitekneturlari.com\/index.php?rest_route=\/wp\/v2\/users\/1"}],"replies":[{"embeddable":true,"href":"https:\/\/dikilitekneturlari.com\/index.php?rest_route=%2Fwp%2Fv2%2Fcomments&post=14"}],"version-history":[{"count":2,"href":"https:\/\/dikilitekneturlari.com\/index.php?rest_route=\/wp\/v2\/pages\/14\/revisions"}],"predecessor-version":[{"id":30,"href":"https:\/\/dikilitekneturlari.com\/index.php?rest_route=\/wp\/v2\/pages\/14\/revisions\/30"}],"wp:attachment":[{"href":"https:\/\/dikilitekneturlari.com\/index.php?rest_route=%2Fwp%2Fv2%2Fmedia&parent=14"}],"curies":[{"name":"wp","href":"https:\/\/api.w.org\/{rel}","templated":true}]}}